6?
-21416211
In base 9, what is 7 + 1804346?
1804354
In base 9, what is 4154 - -35466?
40631
In base 2, what is 1110001101 - -111100001010101011?
111100011000111000
In base 16, what is -3 - -286f2b?
286f28
In base 3, what is -202010 + -10101011001?
-10101220011
In base 14, what is -6 + -90071?
-90077
In base 4, what is 221 - -321303123?
321310010
In base 16, what is -11 - -48f50?
48f3f
In base 10, what is 1326994 - 5?
1326989
In base 12, what is 295126a - -6?
2951274
In base 9, what is -14155 - -21128?
5863
In base 7, what is -6661053 - 45?
-6661131
In base 13, what is -2138b0c + 28?
-2138ab4
In base 10, what is 865 + -26616?
-25751
In base 4, what is 2 + -232311120033?
-232311120031
In base 3, what is 211200120011211 + -102?
211200120011102
In base 2, what is -10000100110111 + -10001111010?
-10010110110001
In base 14, what is -a9 - 85b89?
-85c54
In base 5, what is -2 + -143220433040?
-143220433042
In base 15, what is 68e5 - -2dd?
6bd3
In base 13, what is -b3599644 + -3?
-b3599647
In base 2, what is 1 - -1001010001100111111110?
1001010001100111111111
In base 11, what is -11 + 2395305?
23952a4
In base 5, what is -103004421444 - -13?
-103004421431
In base 2, what is -111000 - -10101110010110110100001?
10101110010110101101001
In base 9, what is -170468077 - 4?
-170468082
In base 15, what is -4a3 - -a330?
9d7c
In base 12, what is 691 - 686b1?
-68020
In base 4, what is -121 + -33101131?
-33101312
In base 16, what is -27c863c1 + 3?
-27c863be
In base 6, what is -3 - 23503404103?
-23503404110
In base 15, what is 61c22 - 15c?
61ab5
In base 15, what is -3c + -7e43ba?
-7e4407
In base 11, what is -a1954a + 15?
-a19535
In base 15, what is -81 + 821b1?
82130
In base 5, what is -12203140 + -10?
-12203200
In base 11, what is -1190a893 + 3?
-1190a890
In base 16, what is 130 - -b297?
b3c7
In base 7, what is -24435021 - 4?
-24435025
In base 15, what is -6783230 - 3?
-6783233
In base 4, what is -302332 + 10020202?
3111210
In base 12, what is 7 - 46730b0?
-46730a5
In base 2, what is 101101001011101101010 - -10001000?
101101001011111110010
In base 16, what is -35f + 301d?
2cbe
In base 9, what is 624 - -2668468?
2670203
In base 12, what is 51 + -58b98?
-58b47
In base 2, what is 10110001 - -10001100010100?
10001111000101
In base 11, what is 3035 + 351?
3386
In base 9, what is -8 + 1816841?
1816832
In base 14, what is 14523934 - -4?
14523938
In base 8, what is -3023 - -17067?
14044
In base 12, what is -3 + -33772691?
-33772694
In base 13, what is 172a + 8c0?
231a
In base 11, what is -5 + -211a1a91?
-211a1a96
In base 4, what is -10001312312 + -2132?
-10001321110
In base 16, what is 7e + -9c8a?
-9c0c
In base 14, what is -a5ca + -136c?
-b958
In base 10, what is -8114 - -4755?
-3359
In base 3, what is 221002111 + 102102101?
1100111212
In base 13, what is 172 + 6475?
6617
In base 8, what is 26201 + 444?
26645
In base 3, what is 1120212010 + -121002?
1120021001
In base 9, what is -4 - -77650065?
77650061
In base 15, what is 3622c - -1d5e?
3808b
In base 8, what is 5 + -135011115?
-135011110
In base 2, what is -1001111000101000 - -10001100000?
-1001100111001000
In base 9, what is -138203255 - 1?
-138203256
In base 6, what is 10 + -113025005?
-113024555
In base 7, what is -2133505 + -2603?
-2136411
In base 7, what is -1330443454 + 1?
-1330443453
In base 7, what is 143524 + 553?
144410
In base 14, what is -3d15 + 881?
-3474
In base 12, what is -19140 - -3649?
-156b3
In base 11, what is -14025a09 - 2?
-14025a10
In base 2, what is -1010010110100010011001001 + -100?
-1010010110100010011001101
In base 3, what is -20022221020 - 1011200?
-20101002220
In base 9, what is 771 - -6466?
7347
In base 10, what is 15257665 - 1?
15257664
In base 9, what is 5 + -804040?
-804034
In base 11, what is -3786251 + 0?
-3786251
In base 13, what is 247 - -1cc80?
201c7
In base 6, what is -154 + -10525202?
-10525400
In base 3, what is -10021210000220201 + -11?
-10021210000220212
In base 10, what is 121012845 - 0?
121012845
In base 15, what is -89c02d4 - 4?
-89c02d8
In base 12, what is 1ab8 + -17039?
-15141
In base 15, what is 777e4c - -1?
777e4d
In base 10, what is 10640 + -9847?
793
In base 3, what is 100110212 + 12212000?
120022212
In base 2, what is 101101 - 100001100011000110011011?
-100001100011000101101110
In base 6, what is -332132 + 30202?
-301530
In base 6, what is 113 + 100154051?
100154204
In base 7, what is -2 - -106405403?
106405401
In base 16, what is -c050 - e5?
-c135
In base 5, what is -101101233 - -24?
-101101204
In base 3, what is 12100111120 - 1000220?
12022110200
In base 14, what is -4 - -468b224?
468b220
In base 6, what is -152133142 + 0?
-152133142
In base 4, what is 31321202030313 - 2?
31321202030311
In base 2, what is -111110 + -11111100110101011?
-11111100111101001
In base 9, what is -1533736 - -135?
-1533601
In base 13, what is 138 - -22c56?
23091
In base 2, what is -11010100011110010000010 - 101110?
-11010100011110010110000
In base 14, what is 9bc3d + -4?
9bc39
In base 3, what is 22110 + -110210001?
-110110121
In base 13, what is -95a69 - 23?
-95a8c
In base 4, what is 2311231313123 + -10?
2311231313113
In base 7, what is -110424 - 224?
-110651
In base 15, what is -b - -340c94d?
340c942
In base 13, what is 505c035 + -6?
505c02c
In base 9, what is 24 - -20162441?
20162465
In base 9, what is -155166674 + 15?
-155166658
In base 8, what is -53244 - -1221?
-52023
In base 16, what is -e + 2452ef?
2452e1
In base 3, what is -2010202101011202 + 1110?
-2010202101010022
In base 6, what is -131 + 112520231?
112520100
In base 8, what is 20103 + -33062?
-12757
In base 9, what is -3547 - -16122?
12464
In base 12, what is 137 - 57065?
-56b2a
In base 7, what is 1 - 21414060?
-21414056
In base 6, what is -114115 - 1430402?
-1544521
In base 3, what is 12 + 120000010012221012?
120000010012221101
In base 10, what is -11258 + 71944?
60686
In base 6, what is 2 + -151234324?
-151234322
In base 9, what is 2 - 1188825?
-1188823
In base 7, what is 40216 - -123134?
163353
In base 12, what is 13a - -1285?
1403
In base 13, what is -1 + 3c14506?
3c14505
In base 10, what is -1 - -1944086?
1944085
In base 12, what is -24 + -41b1b2?
-41b216
In base 7, what is 5 - -362155340?
362155345
In base 13, what is -124b - 1aa73?
-1bcc1
In base 8, what is 3 + -25005201?
-25005176
In base 6, what is 21405 - 154145?
-132340
In base 7, what is -20143 - -3264?
-13546
In base 7, what is 5255 - -32055?
40343
In base 10, what is 3 + 7515789?
7515792
In base 11, what is 245a06323 - 1?
245a06322
In base 8, what is -3370 + 20274?
14704
In base 12, what is -15 - 345084?
-345099
In base 14, what is 3c625bdd + 4?
3c625c03
In base 9, what is 24 - 52308?
-52274
In base 11, what is 106a00585 + -1?
106a00584
In base 8, what is 5450 + 100152?
105622
In base 2, what is 110011010001111010011101 + 0?
110011010001111010011101
In base 4, what is 1133200212 + -21131?
1133113021
In base 15, what is ba8851 + -16?
ba883a
In base 8, what is -34647022 + 0?
-34647022
In base 11, what is -24001 - -1740?
-22371
In base 14, what is 11c + -55457?
-55339
In base 5, what is 21 - -41333214332?
41333214403
In base 6, what is 200211543 + -5?
200211534
In base 7, what is 134260110 - 3?
134260104
In base 4, what is 2001003001 - -2?
2001003003
In base 12, what is -16b2623 - -4?
-16b261b
In base 16, what is 8df7 + -61?
8d96
In base 6, what is -301 + -13435202?
-13435503
In base 13, what is -751 + -b563?
-bcb4
In base 12, what is -48 + -487b22?
-487b6a
In base 6, what is -354 + -1105341?
-1110135
In base 16, what is -2 + -985dd?
-985df
In base 8, what is 1346027 - -40?
1346067
In base 16, what is 1358be2 + 2?
1358be4
In base 13, what is -4 - -13296c9?
13296c5
In base 8, what is 17 - 160377572?
-160377553
In base 12, what is 11 + -10644906?
-106448b5
In base 2, what is -11110011110100100100111 - 11?
-11110011110100100101010
In base 4, what is 3233020 - 2123020?
1110000
In base 7, what is 14 + -5436325?
-5436311
In base 9, what is -4 - -82820654?
82820650
In base 14, what is -691 + 2bb9?
2528
In base 10, what is 6062172 - -2?
6062174
In base 6, what is 112321002 - 153?
112320405
In base 3, what is -1101 - 1220101001?
-1220102102
In base 13, what is 12881b - -5?
128823
In base 15, what is -25 - 98672?
-98697
In base 11, what is -111a2a + -46?
-111a75
In base 12, w